2?
-10020231
In base 4, what is 1322 - 333?
323
In base 10, what is 117 - 674?
-557
In base 16, what is -3a25 + 3b?
-39ea
In base 3, what is -21011001 - -2210?
-21001021
In base 6, what is -4053345 - 4?
-4053353
In base 13, what is -12b6 + 5?
-12b1
In base 6, what is 3552 - 254?
3254
In base 10, what is -17774 - 3?
-17777
In base 2, what is -110010100101110111 - -1?
-110010100101110110
In base 7, what is -1554226 + -1?
-1554230
In base 12, what is -12 - -23b3a?
23b28
In base 11, what is 2 - 1457?
-1455
In base 11, what is -77 - 7604?
-7680
In base 9, what is 628 - -5266?
6005
In base 3, what is -2022 - 1121?
-10220
In base 10, what is 116 + -1419?
-1303
In base 6, what is -1305 - 134?
-1443
In base 14, what is 1c55 - -19?
1c70
In base 8, what is -1755 - 26?
-2003
In base 7, what is 3114 - -4060?
10204
In base 9, what is 203 - 14072?
-13768
In base 8, what is -142 - 1022?
-1164
In base 4, what is 33203121322 - 10?
33203121312
In base 8, what is -1 - -1530041?
1530040
In base 4, what is -21 + 21023301?
21023220
In base 2, what is -1011001110 + 11101010101?
10010000111
In base 16, what is 21 + 247?
268
In base 10, what is 810 + -153?
657
In base 2, what is -11 - -100100111001110?
100100111001011
In base 16, what is -5c93 + 3?
-5c90
In base 16, what is -1 + 65639?
65638
In base 11, what is -3416 + 145?
-3281
In base 16, what is -6e07 - 3?
-6e0a
In base 4, what is 310 + -211203121?
-211202211
In base 10, what is 1208 - -1055?
2263
In base 10, what is -4 - 21444?
-21448
In base 3, what is -11 - 101020021?
-101020102
In base 12, what is 1b + -127a0?
-12781
In base 10, what is 1 - -137676?
137677
In base 12, what is -3a6740 - -3?
-3a6739
In base 15, what is 19d9 + 0?
19d9
In base 7, what is 2 + -166266?
-166264
In base 7, what is -226330 + 4?
-226323
In base 12, what is 34b39 + -48?
34ab1
In base 14, what is 2063 - 4?
205d
In base 14, what is 41395 + -2?
41393
In base 5, what is -33 + 31230?
31142
In base 6, what is 40004 - -122?
40130
In base 7, what is -4232 - 504?
-5036
In base 5, what is -1023 - -30?
-443
In base 10, what is 832 + 1322?
2154
In base 7, what is -11 - 40604?
-40615
In base 3, what is 1012100 + -2222?
1002101
In base 16, what is ddb - -594?
136f
In base 5, what is 244 - 224334?
-224040
In base 8, what is 35235 - -5?
35242
In base 10, what is -4 + -14278?
-14282
In base 3, what is 1102110010 - -10?
1102110020
In base 4, what is 33110 + -2?
33102
In base 10, what is 4 + 286995?
286999
In base 11, what is -493a + 18a?
-4760
In base 15, what is -2b - -17262?
17236
In base 11, what is -334 - 25?
-359
In base 13, what is 17a74 - 5?
17a6c
In base 9, what is 166 - 2271?
-2104
In base 10, what is -8 - -8030?
8022
In base 8, what is -153 + -1016?
-1171
In base 7, what is -2066344 + -2?
-2066346
In base 5, what is 424222 - 4?
424213
In base 6, what is -3 - 4502041?
-4502044
In base 12, what is b9 - 47?
72
In base 16, what is -fd90 - -3?
-fd8d
In base 15, what is 4 - d973?
-d96e
In base 7, what is 2164 + 46?
2243
In base 12, what is 3 - -a181?
a184
In base 2, what is 11010110 + -10011?
11000011
In base 15, what is 4 + -5e82?
-5e7d
In base 10, what is -352342 - -4?
-352338
In base 11, what is -5 + -41a91?
-41a96
In base 12, what is -5 - 2a30b?
-2a314
In base 10, what is -308843 + -10?
-308853
In base 6, what is -11241 + -151?
-11432
In base 11, what is -72a - 1?
-730
In base 16, what is 103 - 43?
c0
In base 2, what is 111011000100110100 + -1?
111011000100110011
In base 8, what is 715 - -247?
1164
In base 4, what is -1 + 1131113?
1131112
In base 6, what is 3 - 135324?
-135321
In base 11, what is -34 - -10a7?
1073
In base 9, what is -184 - 87?
-282
In base 6, what is 25502 - -2?
25504
In base 15, what is 41 + 1a1?
1e2
In base 5, what is 1133420 + 4?
1133424
In base 4, what is 23203 + 2133?
32002
In base 16, what is 5211 - 3?
520e
In base 9, what is -58453 - -6?
-58446
In base 13, what is 753c3 + 4?
753c7
In base 2, what is -11101101 - 10010000010101?
-10010100000010
In base 14, what is 80 + 216?
296
In base 12, what is 1ba36 + 17?
1ba51
In base 6, what is 2552 + -253?
2255
In base 9, what is -10265 - 4?
-10270
In base 10, what is -35 - 25?
-60
In base 4, what is 1010211 - -3011?
1013222
In base 7, what is -554623 + 5?
-554615
In base 14, what is 5ba9 - -90?
5c59
In base 10, what is -3 + -19352?
-19355
In base 11, what is -305 + 72?
-243
In base 7, what is -10 + -16455?
-16465
In base 16, what is 4 - -100d0?
100d4
In base 3, what is -20 - 21120221011?
-21120221101
In base 7, what is 1 + 1650?
1651
In base 10, what is 4 + 31138?
31142
In base 3, what is -122011 + 22101212?
21202201
In base 13, what is -4 + -82114?
-82118
In base 16, what is 44 - 198a?
-1946
In base 10, what is -2 + -558538?
-558540
In base 2, what is 101101 + 1110111111001?
1111000100110
In base 6, what is -153335 + -55?
-153434
In base 14, what is -3d0c4 - 0?
-3d0c4
In base 8, what is -11163 + 355?
-10606
In base 8, what is 5 - -1235315?
1235322
In base 7, what is 2546026 - -2?
2546031
In base 8, what is -14 + -17147?
-17163
In base 11, what is 24 - 21729?
-21705
In base 4, what is -10 + 232222020?
232222010
In base 5, what is -1023212 + -24?
-1023241
In base 5, what is -4 + -341214?
-341223
In base 2, what is 101 - 101011100000111?
-101011100000010
In base 15, what is 104 - cd?
26
In base 7, what is 233200 - -13?
233213
In base 6, what is 15 - -43151?
43210
In base 14, what is -2 + -25bc?
-25c0
In base 13, what is 26804 - -4?
26808
In base 15, what is 20ab + 8e?
214a
In base 8, what is -2452225 - -4?
-2452221
In base 15, what is -218ea4 - -4?
-218ea0
In base 7, what is 3044362 + 4?
3044366
In base 3, what is -1202010212 + 100001?
-1201210211
In base 16, what is 2 - -1837?
1839
In base 2, what is -1000 + -10100100?
-10101100
In base 13, what is -a + 954a?
9540
In base 3, what is 22111 + -100020?
-202
In base 16, what is 570 - -10b9?
1629
In base 2, what is -100100000000 - 10000001?
-100110000001
In base 14, what is 6 - 6112d?
-61127
In base 9, what is -3 - -460878?
460875
In base 14, what is -5 - 765cc?
-765d3
In base 13, what is 1506 + -28?
14ab
In base 12, what is a4 + -638a?
-62a6
In base 13, what is 13 - -b64?
b77
In base 7, what is -103246 - -3?
-103243
In base 9, what is 3 + -72084?
-72081
In base 15, what is 625 + -c7?
54d
In base 11, what is -7 + -125a?
-1266
In base 14, what is 36025 + 2?
36027
In base 6, what is -2042035 - 4?
-2042043
In base 2, what is -1001001111100 + -1001110?
-1001011001010
In base 9, what is -652 + 130?
-522
In base 8, what is -3 - 13476?
-13501
In base 16, what is -ec - -369?
27d
In base 7, what is -3 + -1114135?
-1114141
In base 4, what is 2211311 + 10131?
2222102
In base 7, what is -2220 - -353?
-1534
In base 14, what is dc5c + 6?
dc64
In base 3, what is -20201202 + -110?
-20202012
In base 16, what is fba - 4?
fb6
In base 8, what is 42 + -1653?
-1611
In base 4, what is 332103321 + -2?
332103313
In base 5, what is -4001022 + -4?
-4001031
In base 2, what is -11 + -1110010001100111?
-1110010001101010
In base 8, what is -77 - -106770?
106671
In base 3, what is 120120121 - 1?
120120120
In base 4, what is -10 + 22003010?
22003000
In base 14, what is 0 - -12842?
12842
In base 6, what is -1330 - 132?
-1502
In base 3, what is -2021 - 1020121101?
-1020200122
In base 6, what is 11 + 101125?
101140
In base 14, what is -d + 17b6c?
17b5d
In base 10, what is 3924 - 161?
3763
In base 3, what is 10 + -1021221?
-1021211
In base 2, what is 1010011111110010 + -10?
1010011111110000
In base 16, what is 27e - 26?
258
In base 9, what is -32782 - -1?
-32781
In base 9, what is -116 - 503?
-620
In base 7, what is 3564516 + 20?
3564536
In base 3, what is -1 - 1200201010?
-1200201011
In base 3, what is 0 + -212012?
-212012
In base 14, what is 4809 - -5?
4810
In base 6, what is -4 + 13245444?
13245440
In base 7, what is -31 - 55565?
-55626
In base 2, what is 100111100100 + 1100001011?
110011101111
In base 10, what is 279733 - 13?
279720
In base 15, what is -2 - 87dd?
-87e0
In base 16, what is 2 + -edf?
-edd
In base 10, what is -24 + -195?
-219
In base 6, what is -304 + -1012333?
-1013041
In base 10, what is -4 - 50842?
-50846
In base 15, what is 7b + a?
86
In base 2, what is -1011001110010 - 100?
-1011001110110
In base 15, what is -a2 - -59?
-48
In base 5, what is 1103444 